What is the remainder when 527 is divided by 3?
2
What is the remainder when 95 is divided by 82?
13
Calculate the remainder when 151 is divided by 139.
12
Calculate the remainder when 58 is divided by 28.
2
What is the remainder when 2321 is divided by 155?
151
What is the remainder when 36 is divided by 25?
11
What is the remainder when 414 is divided by 26?
24
What is the remainder when 105 is divided by 23?
13
What is the remainder when 3889 is divided by 118?
113
Calculate the remainder when 131 is divided by 7.
5
Calculate the remainder when 23310 is divided by 19.
16
What is the remainder when 31 is divided by 7?
3
What is the remainder when 2284 is divided by 4?
0
Calculate the remainder when 853 is divided by 22.
17
What is the remainder when 82 is divided by 9?
1
Calculate the remainder when 1374 is divided by 153.
150
What is the remainder when 283 is divided by 75?
58
Calculate the remainder when 85 is divided by 5.
0
Calculate the remainder when 4551 is divided by 33.
30
What is the remainder when 263 is divided by 83?
14
Calculate the remainder when 5827 is divided by 162.
157
What is the remainder when 5608 is divided by 10?
8
What is the remainder when 569 is divided by 6?
5
What is the remainder when 90 is divided by 32?
26
What is the remainder when 359 is divided by 95?
74
Calculate the remainder when 4250 is divided by 1416.
2
What is the remainder when 428 is divided by 213?
2
Calculate the remainder when 152 is divided by 11.
9
Calculate the remainder when 102 is divided by 88.
14
Calculate the remainder when 412 is divided by 15.
7
Calculate the remainder when 807 is divided by 31.
1
Calculate the remainder when 69 is divided by 5.
4
Calculate the remainder when 294 is divided by 29.
4
What is the remainder when 1126 is divided by 126?
118
Calculate the remainder when 180 is divided by 53.
21
What is the remainder when 2410 is divided by 19?
16
What is the remainder when 770 is divided by 129?
125
Calculate the remainder when 48 is divided by 12.
0
What is the remainder when 2455 is divided by 247?
232
Calculate the remainder when 19 is divided by 1.
0
What is the remainder when 78 is divided by 49?
29
What is the remainder when 882 is divided by 383?
116
What is the remainder when 2538 is divided by 193?
29
Calculate the remainder when 1481 is divided by 3.
2
Calculate the remainder when 613 is divided by 572.
41
What is the remainder when 2647 is divided by 876?
19
What is the remainder when 76 is divided by 16?
12
Calculate the remainder when 961 is divided by 159.
7
What is the remainder when 292 is divided by 195?
97
What is the remainder when 404 is divided by 137?
130
What is the remainder when 50 is divided by 22?
6
What is the remainder when 473 is divided by 120?
113
Calculate the remainder when 8383 is divided by 39.
37
What is the remainder when 748 is divided by 50?
48
Calculate the remainder when 167 is divided by 22.
13
Calculate the remainder when 3597 is divided by 20.
17
Calculate the remainder when 1482 is divided by 55.
52
Calculate the remainder when 1167 is divided by 387.
6
Calculate the remainder when 34 is divided by 19.
15
Calculate the remainder when 153 is divided by 133.
20
What is the remainder when 3398 is divided by 40?
38
What is the remainder when 62 is divided by 14?
6
Calculate the remainder when 1849 is divided by 60.
49
Calculate the remainder when 44 is divided by 8.
4
What is the remainder when 244 is divided by 63?
55
What is the remainder when 1324 is divided by 6?
4
What is the remainder when 11683 is divided by 41?
39
What is the remainder when 174 is divided by 126?
48
Calculate the remainder when 3501 is divided by 16.
13
Calculate the remainder when 15 is divided by 9.
6
Calculate the remainder when 405 is divided by 58.
57
What is the remainder when 4486 is divided by 132?
130
What is the remainder when 1638 is divided by 805?
28
Calculate the remainder when 832 is divided by 14.
6
What is the remainder when 129 is divided by 24?
9
Calculate the remainder when 375 is divided by 126.
123
Calculate the remainder when 88 is divided by 32.
24
Calculate the remainder when 453 is divided by 91.
89
What is the remainder when 2263 is divided by 5?
3
What is the remainder when 94 is divided by 16?
14
Calculate the remainder when 66 is divided by 9.
3
What is the remainder when 237 is divided by 30?
27
What is the remainder when 1169 is divided by 51?
47
Calculate the remainder when 85 is divided by 42.
1
What is the remainder when 382 is divided by 55?
52
What is the remainder when 915 is divided by 27?
24
What is the remainder when 346 is divided by 170?
6
Calculate the remainder when 230 is divided by 47.
42
What is the remainder when 145 is divided by 50?
45
Calculate the remainder when 4947 is divided by 57.
45
What is the remainder when 218 is divided by 37?
33
What is the remainder when 1492 is divided by 34?
30
What is the remainder when 29004 is divided by 33?
30
Calculate the remainder when 261 is divided by 60.
21
What is the remainder when 27 is divided by 19?
8
What is the remainder when 639 is divided by 36?
27
What is the remainder when 83 is divided by 29?
25
Calculate the remainder when 168 is divided by 96.
72
What is the remainder when 38290 is divided by 82?
78
What is the remainder when 102 is divided by 13?
11
Calculate the remainder when 808 is divided by 272.
264
What is the remainder when 199 is divided by 51?
46
Calculate the remainder when 2233 is divided by 172.
169
Calculate the remainder when 262 is divided by 24.
22
Calculate the remainder when 163 is divided by 15.
13
What is the remainder when 236 is divided by 53?
24
What is the remainder when 126 is divided by 47?
32
What is the remainder when 171 is divided by 140?
31
What is the remainder when 124 is divided by 53?
18
What is the remainder when 10323 is divided by 2579?
7
What is the remainder when 157 is divided by 81?
76
What is the remainder when 781 is divided by 17?
16
What is the remainder when 304 is divided by 32?
16
Calculate the remainder when 160 is divided by 78.
4
What is the remainder when 17 is divided by 17?
0
What is the remainder when 592 is divided by 3?
1
Calculate the remainder when 26 is divided by 11.
4
What is the remainder when 143 is divided by 77?
66
What is the remainder when 1028 is divided by 130?
118
What is the remainder when 529 is divided by 52?
9
What is the remainder when 69 is divided by 19?
12
What is the remainder when 70 is divided by 38?
32
What is the remainder when 251 is divided by 7?
6
What is the remainder when 40 is divided by 16?
8
What is the remainder when 275 is divided by 100?
75
What is the remainder when 381 is divided by 48?
45
Calculate the remainder when 1741 is divided by 32.
13
What is the remainder when 2111 is divided by 14?
11
Calculate the remainder when 77 is divided by 18.
5
What is the remainder when 673 is divided by 15?
13
Calculate the remainder when 19879 is divided by 284.
283
Calculate the remainder when 108 is divided by 24.
12
What is the remainder when 131 is divided by 45?
41
What is the remainder when 2881 is divided by 131?
130
What is the remainder when 217 is divided by 26?
9
Calculate the remainder when 157 is divided by 51.
4
What is the remainder when 176 is divided by 97?
79
What is the remainder when 72 is divided by 34?
4
What is the remainder when 178 is divided by 26?
22
Calculate the remainder when 417 is divided by 275.
142
Calculate the remainder when 2419 is divided by 241.
9
What is the remainder when 117 is divided by 30?
27
Calculate the remainder when 208 is divided by 103.
2
What is the remainder when 1448 is divided by 480?
8
What is the remainder when 6140 is divided by 12?
8
What is the remainder when 314 is divided by 22?
6
Calculate the remainder when 317 is divided by 10.
7
Calculate the remainder when 1390 is divided by 87.
85
What is the remainder when 2070 is divided by 148?
146
What is the remainder when 11785 is divided by 86?
3
Calculate the remainder when 545 is divided by 21.
20
Calculate the remainder when 123 is divided by 33.
24
Calculate the remainder when 20 is divided by 8.
4
Calculate the remainder when 610 is divided by 219.
172
Calculate the remainder when 1480 is divided by